{"id":16169,"date":"2025-08-17T14:57:25","date_gmt":"2025-08-17T14:57:25","guid":{"rendered":"https:\/\/agaicha.com\/index.php\/produit\/huile-davocat-30ml\/"},"modified":"2025-08-20T20:41:41","modified_gmt":"2025-08-20T20:41:41","slug":"huile-davocat-30ml","status":"publish","type":"product","link":"https:\/\/agaicha.com\/index.php\/produit\/huile-davocat-30ml\/","title":{"rendered":"HUILE D&rsquo;AVOCAT 30ML"},"content":{"rendered":"<p>&lt;p&gt;&lt;span style=&quot;font-size: 18px;&quot;&gt;&lt;font face=&quot;Arial Black&quot;&gt;Huile pr\u00e9cieuse tr\u00e8s douce,redonne confort et \u00e9lasticit\u00e9 \u00e0 la peau.&lt;\/font&gt;&lt;\/span&gt;&lt;\/p&gt;&lt;p&gt;&lt;span style=&quot;font-size: 18px;&quot;&gt;&lt;font face=&quot;Arial Black&quot;&gt;Protectrice,r\u00e9g\u00e9n\u00e9rante et r\u00e9paratrice cette huile&amp;nbsp; &amp;nbsp;nourrit la peau et aide \u00e0 lutter contre les vergetures.&lt;\/font&gt;&lt;\/span&gt;&lt;\/p&gt;&lt;p&gt;&lt;span style=&quot;font-size: 18px;&quot;&gt;&lt;font face=&quot;Arial Black&quot;&gt;Stimule la pousse des cheveux et embellit la fibre capillaire.&lt;\/font&gt;&lt;\/span&gt;&lt;br&gt;&lt;\/p&gt;<\/p>\n","protected":false},"excerpt":{"rendered":"<p>&lt;p&gt;&lt;span style=&quot;font-size: 18px;&quot;&gt;&lt;font face=&quot;Arial Black&quot;&gt;Huile pr\u00e9cieuse tr\u00e8s douce,redonne confort et \u00e9lasticit\u00e9 \u00e0 la peau.&lt;\/font&gt;&#038;lt<\/p>\n","protected":false},"featured_media":16168,"comment_status":"open","ping_status":"closed","template":"","meta":[],"product_brand":[74],"product_cat":[75],"product_tag":[],"class_list":{"0":"post-16169","1":"product","2":"type-product","3":"status-publish","4":"has-post-thumbnail","6":"product_brand-agaicha","7":"product_cat-huiles-et-macerats","9":"first","10":"instock","11":"taxable","12":"shipping-taxable","13":"purchasable","14":"product-type-simple"},"_links":{"self":[{"href":"https:\/\/agaicha.com\/index.php\/wp-json\/wp\/v2\/product\/16169","targetHints":{"allow":["GET"]}}],"collection":[{"href":"https:\/\/agaicha.com\/index.php\/wp-json\/wp\/v2\/product"}],"about":[{"href":"https:\/\/agaicha.com\/index.php\/wp-json\/wp\/v2\/types\/product"}],"replies":[{"embeddable":true,"href":"https:\/\/agaicha.com\/index.php\/wp-json\/wp\/v2\/comments?post=16169"}],"version-history":[{"count":1,"href":"https:\/\/agaicha.com\/index.php\/wp-json\/wp\/v2\/product\/16169\/revisions"}],"predecessor-version":[{"id":16485,"href":"https:\/\/agaicha.com\/index.php\/wp-json\/wp\/v2\/product\/16169\/revisions\/16485"}],"wp:featuredmedia":[{"embeddable":true,"href":"https:\/\/agaicha.com\/index.php\/wp-json\/wp\/v2\/media\/16168"}],"wp:attachment":[{"href":"https:\/\/agaicha.com\/index.php\/wp-json\/wp\/v2\/media?parent=16169"}],"wp:term":[{"taxonomy":"product_brand","embeddable":true,"href":"https:\/\/agaicha.com\/index.php\/wp-json\/wp\/v2\/product_brand?post=16169"},{"taxonomy":"product_cat","embeddable":true,"href":"https:\/\/agaicha.com\/index.php\/wp-json\/wp\/v2\/product_cat?post=16169"},{"taxonomy":"product_tag","embeddable":true,"href":"https:\/\/agaicha.com\/index.php\/wp-json\/wp\/v2\/product_tag?post=16169"}],"curies":[{"name":"wp","href":"https:\/\/api.w.org\/{rel}","templated":true}]}}